Suppose k + k - f - 21 = q, k = -f + 12. Calculate the highest common divisor of 99 and k.
11
Let v(b) = 27*b**2 - 30*b - 93. Let m be v(-8). Calculate the greatest common factor of 75 and m.
75
Let b = 74 + -82. Let g be ((-42)/b)/((-25)/(-100)). Calculate the greatest common factor of g and 63.
21
Let o(k) = -20*k - 4. Let m be o(-3). Let u = 188 + -172. Calculate the greatest common divisor of m and u.
8
Let m = 10 + 10. What is the greatest common divisor of 340 and m?
20
Let z(l) = l**3 + 14*l**2 - 39*l - 81. Let c be z(-16). Calculate the greatest common factor of 248 and c.
31
Let a be (2/(-5))/(5/(-25)). Suppose -a*l + 3*l = -4*z + 99, -l = 5. Let n(p) = 3*p**2 + 6*p + 2. Let r be n(-4). What is the highest common divisor of z and r?
26
Let g = 667 - 664. Suppose 0 = 3*h - 1 - 2. Calculate the highest common factor of h and g.
1
Let b = -2 - -3. Let v(t) = -t + 24. Suppose -112 = -5*s - 4*h, 5*s - 49 - 60 = -3*h. Let p be v(s). Calculate the highest common factor of b and p.
1
Let p(a) = 4*a + 24. Let i(u) = -u**3 - 5*u**2 - u + 5. Let q be i(-5). Let n be p(q). Calculate the highest common divisor of n and 8.
8
Suppose -2*y + 58 = 5*x, 2*y - x - 38 - 8 = 0. What is the greatest common factor of y and 78?
6
Suppose -2*v - k + 2 = -5, -3*v + 8 = 2*k. Let a(l) = l**2 - 7*l - 3. Suppose -3*u = -8 - 19. Let x be a(u). What is the highest common factor of x and v?
3
Let g = -11 + 12. Let x be 296/(1/(g/2)). Suppose x = 6*b + 22. Calculate the greatest common divisor of 21 and b.
21
Suppose 10*g - 13*g + 864 = -3*d, -5*g + 1440 = -2*d. What is the highest common divisor of 648 and g?
72
Let a be (1 + 1 - -2) + -17. Let h(l) = -l - 4. Let s be h(a). Suppose -15 = -3*p + s. What is the highest common divisor of 8 and p?
8
Suppose -75*p - 7791 = -128*p. Calculate the highest common factor of 1176 and p.
147
Suppose 10*g = -18*g + 3332. Calculate the highest common divisor of 153 and g.
17
Let l = 158 - 136. What is the highest common divisor of l and 66?
22
Let z be 5 + (-16)/3 + (-291)/(-9). What is the highest common divisor of z and 32?
32
Let a be ((-4)/6)/((16/(-6))/4). Let n be (0/3 + 9)*a. What is the greatest common factor of 99 and n?
9
Let n be (-8)/60 + (-746)/30. Let x be 7/(-3)*(-5 + n). Calculate the highest common divisor of x and 7.
7
Let f(a) = 2*a**2 - a - 1. Suppose -1 = q + 2. Let y be f(q). Suppose -13*k = -3*k - 2200. Calculate the greatest common factor of y and k.
20
Let d be (-1)/(-4) - (-26)/(-8). Let z = d + 8. Suppose 0 = -5*o + z, o + 3*o = u - 68. What is the greatest common divisor of 8 and u?
8
Let q be -15*24/(-9)*(-3)/(-6). Let j(h) = h. Let u be j(3). Suppose -a + 8 - u = 0. What is the greatest common factor of q and a?
5
Let j(y) = y**3 + 7*y**2 + 2*y - 2. Let n be j(-6). Suppose 6160 = 20*z - 4*z. Let k be (42/15)/(7/z). What is the highest common factor of k and n?
22
Let b = 265 + -255. What is the highest common factor of 10 and b?
10
Let d = 8 - 4. What is the highest common divisor of d and 18?
2
Let j(f) = 47*f + 6. Let h be j(6). Suppose 0 = -9*b + 3*b + h. Calculate the greatest common divisor of 12 and b.
12
Let z = -71 + 36. Let d be 3/(-3 - z/10). What is the greatest common divisor of d and 18?
6
Let q be -2 + -33 + -2 + 1. Let z = q + 60. What is the highest common factor of 36 and z?
12
Let h be (-1 - 3790/(-7)) + 39/(-91). What is the greatest common divisor of h and 54?
54
Let u(s) = -s**2 - s + 23. Let z be u(0). Suppose 3 - z = -c. Suppose -25 = -q - 4*q. Calculate the highest common divisor of c and q.
5
Let m be (-1)/(((-36)/(-27))/(-4)). What is the highest common divisor of m and 393?
3
Let k be (6/18)/((-1)/(-15)). Let m be 21 + 2/1 + 2. Let w be ((-1)/(-1))/(k/m). Calculate the greatest common factor of w and 2.
1
Suppose 0 = 5*d - 10, -2*d - 62 = -u + 38. What is the highest common divisor of u and 16?
8
Let q be ((-165)/(-132))/((-2)/(-1496)*1). Calculate the greatest common factor of q and 110.
55
Let b be 2524/7 - (3 + 51/(-21)). What is the highest common divisor of 280 and b?
40
Suppose 8*r - 7*r = 2. Let q(d) = d**2 + d. Let x be q(r). Let y = 37 + -19. What is the highest common factor of y and x?
6
Let b be 393/6 - 1/(-2). Let r = -30 + 41. Let z = r + -5. Calculate the greatest common divisor of b and z.
6
Let p be 2/(-4) + (-36)/(-8). Suppose 4*z + 26 = -2*j, -z + p*j + 0 - 2 = 0. Let c be ((-30)/(-9))/((-2)/z). What is the highest common divisor of 70 and c?
10
Suppose 4*y = -5*x + 133, y - 4*x + 0*x = 7. Calculate the greatest common factor of 45 and y.
9
Suppose 266 = 21*n - 2*n. Calculate the highest common divisor of n and 154.
14
Let u(c) = 2*c**2 + 18. Let d be u(0). Let n = 24 - d. What is the greatest common divisor of n and 12?
6
Suppose 5*t - 190 - 33 = -3*w, -w + 4*t = -46. What is the greatest common factor of 12 and w?
6
Suppose -5*w + 71 = 3*u, 3*u - 17 = -2*w - 2*u. Let z(a) = -a**2 + 21*a + 20. Let c be z(w). Calculate the greatest common divisor of c and 20.
20
Let z = -165 - 11. Let q be 7/(z/60 + 3). Calculate the highest common factor of 21 and q.
21
Suppose 3*h - 6 = 6. Suppose m - 4*m - h*o + 8 = 0, 16 = 3*m - 4*o. What is the greatest common factor of m and 4?
4
Suppose -3*c + 443 = -445. What is the greatest common factor of 8 and c?
8
Let d(m) = m**2 - 11*m + 10. Let x be d(10). Suppose n = -4*n + 20, -2*f - 5*n + 198 = x. Suppose 2*w - f = 9. Calculate the greatest common divisor of 7 and w.
7
Suppose -2*o - 11*o = -1794. Calculate the highest common divisor of o and 12.
6
Let k be ((-11)/(44/400))/(-2). Let l be 3*(-3)/((-45)/k). What is the greatest common divisor of 10 and l?
10
Suppose 82 + 23 = w. Calculate the greatest common divisor of w and 70.
35
Let k(l) = 9*l + 392. Let v be k(-38). What is the greatest common factor of v and 2?
2
Let d be (-4 + (-5 - -20))/((-1)/(-1)). Suppose 6*y - 9*y + 66 = 0. Calculate the greatest common factor of y and d.
11
Let m(h) = -2*h - 1. Let y be m(-2). Suppose 5*f - 17 = -q, y*f = 7*f + 3*q - 7. Calculate the highest common divisor of 16 and f.
4
Suppose -522 = -6*c + 342. Calculate the greatest common factor of 32 and c.
16
Suppose 3*b - 150 = -2*c + 15, 0 = -5*c. What is the highest common divisor of 121 and b?
11
Let p(w) = -w**3 + 6*w - 8. Let t be p(-4). What is the highest common divisor of 48 and t?
16
Let z(i) = 46*i**2 - i - 4. Let f be z(-2). What is the greatest common divisor of f and 28?
14
Let g be 3 + 0 - (-88 - 12 - 13). What is the highest common factor of g and 145?
29
Let a(p) = -p**3 + 11*p**2 + 19*p - 21. Let h be a(12). Calculate the greatest common divisor of 819 and h.
63
Let b = 23 + 6. Let v = b - 9. What is the greatest common divisor of 4 and v?
4
Let t(c) = c - 3. Suppose 2*n + 0*n - 5*b = -5, 4*n = b + 17. Let v be t(n). Let d be (v - 20/8)*-224. Calculate the greatest common divisor of 16 and d.
16
Let d(p) = p**3 - 2*p**2 + p - 92. Let q be d(0). Let l = q - -96. Calculate the highest common factor of l and 10.
2
Let w(s) = -s**3 + s**2 + 2*s + 1. Let b be w(2). Let y be 194 + b + (-3 - -6). What is the greatest common divisor of y and 22?
22
Suppose 0*k - 2*k - 82 = -4*m, -4*k + 96 = 5*m. Let o be (-5)/(5/3) + m. Calculate the highest common divisor of 17 and o.
17
Suppose -19*z + 4*z + 2280 = 0. What is the highest common factor of 8 and z?
8
Let a = -1257 - -2175. Calculate the highest common factor of 34 and a.
34
Suppose -38*f + 350 = -43*f. Let k be ((-4)/10)/(4/f). What is the greatest common factor of 4 and k?
1
Suppose 24*h - 278 = 2890. Suppose 5*p = 5*s - 185, -2 = s + 3*p - 23. What is the greatest common factor of s and h?
33
Suppose -3*w + 5*j = 6*j - 9, 1 = -w + j. What is the greatest common divisor of w and 52?
2
Let t = -240 + 320. What is the highest common divisor of 680 and t?
40
Let b = 1029 + -603. What is the greatest common divisor of b and 71?
71
Let k(v) = 1 - v**2 + 3 - 2 + 9*v. Let y be k(4). Let x(q) = -q**2 + 2*q + 2. Let g be x(0). What is the highest common divisor of g and y?
2
Let t = 396 + -371. Let w(o) = -3*o**3 - 6*o**2 - o. Let k be w(-4). What is the highest common factor of k and t?
25
Let j = 238 - 216. Let v = -51 - -84. Calculate the highest common divisor of j and v.
11
Let x(i) = -i**3 + 8*i**2 - i - 2. Let z be x(7). Su